isor of z and 16?
16
Let v = -3758 - -3805. What is the highest common factor of v and 1?
1
Let v be (114 - -66)*(2 + -1). What is the highest common factor of v and 1860?
60
Let m = 3204 - 2952. What is the greatest common factor of m and 1332?
36
Suppose 4*t - 54 = 122. Let r = -20 + t. Let d = 36 - r. Calculate the greatest common factor of d and 108.
12
Suppose -2*i - 2*f + 1131 = 199, -2*i + 4*f + 908 = 0. Suppose -109*y + 252 = -100*y. Calculate the greatest common factor of i and y.
14
Suppose -31*p + 100 = -27*p. Suppose -420 = -30*b + p*b. Calculate the greatest common divisor of 12 and b.
12
Let v = -5 + -4. Let t(y) = 4 - 3*y - 21 + 5. Let c be t(v). What is the greatest common divisor of c and 165?
15
Suppose -5*u = -5*o - 900, -5*o + 360 = 3*u - u. Let y = u + -179. Calculate the greatest common divisor of 13 and y.
1
Suppose -122*h + 124*h - 8768 = 0. Calculate the highest common factor of h and 137.
137
Suppose -w - 308 = 5*t - 286, -5*t = -3*w + 14. Let g be ((-27)/(-6))/(1/4). Let n be 5/w - (-1629)/g. What is the highest common divisor of n and 22?
22
Let n = -826 - -828. Suppose -n*o + 22 = -4*q, 4*o = 5*o + 5*q + 3. What is the highest common factor of o and 35?
7
Suppose 489*d - 457*d - 608 = 0. Calculate the highest common divisor of d and 5928.
19
Let z(l) = -141*l + 884. Let f be z(-55). What is the greatest common factor of 159 and f?
53
Suppose 544*j = 542*j + 836. Suppose -2*n = 3*i - 200, 2*n = -4*i + 3*n + 263. Calculate the greatest common factor of j and i.
22
Suppose -5*s = -2*l - 2*l + 1284, -5*s - 2*l - 1308 = 0. Let t = s - -340. Calculate the highest common factor of t and 5.
5
Suppose -4*t - 305 - 284 = 5*a, 3*t + 468 = 5*a. Let h = t + 196. Suppose -4*y + 45 = 9. Calculate the highest common factor of h and y.
9
Let i(z) = -z**2 - 108*z - 1302. Let r be i(-94). What is the highest common factor of r and 3206?
14
Let z(n) be the third derivative of -n**6/40 - 2*n**5/15 + n**4/3 + 5*n**3/3 - n**2 - 23. Let q be z(-4). What is the greatest common divisor of q and 336?
42
Let a = -47 + -67. Let r = a - -194. Let n be (192/r)/(3/50). Calculate the highest common factor of n and 4.
4
Let k = -49789 + 49821. Calculate the highest common factor of k and 2616.
8
Suppose -4*h = -m + 392, -2*m - 3*h + 5*h = -796. Let b = 1649 - 1633. Calculate the highest common divisor of m and b.
16
Let h(i) = i**2 + 4*i. Let l be h(-5). Let t = -108 - -110. Suppose -t*g = -17 - 3. Calculate the greatest common divisor of g and l.
5
Suppose 79*k = 8773 + 45977 - 13591. Calculate the highest common divisor of 2 and k.
1
Let t(x) = x**3 - 34*x**2 + 3*x - 2. Let d be (48/(-84))/(1 - 121/119). Let o be t(d). Calculate the highest common factor of 40 and o.
20
Let g be (-1)/(-3) + 119/3. Let l(s) = 29*s**3 + 199*s**2 + 72*s + 10. Let n be l(-5). What is the highest common divisor of g and n?
40
Let r(v) = -31*v + 78. Let f(u) = -u**2 + 2*u + 3. Let p be f(-4). Let c be r(p). Suppose 18*k - c = 9*k. Calculate the greatest common factor of 27 and k.
27
Let x(f) = -10*f**2 + 5 + 0 + 50*f**3 - 99*f**3 - 6*f + 51*f**3 + 10. Let m be x(8). Calculate the highest common divisor of 39 and m.
39
Suppose -95*a + 102*a = 462. Suppose -5*x + 21 = 2*s + 3, 5*s = -2*x + a. What is the highest common factor of s and 56?
14
Suppose 8363 - 49547 = -14*h + 6*h. Calculate the greatest common factor of h and 297.
99
Let d be (-71239)/(-77) - (-5 + 2 - (-1295)/407). Calculate the greatest common factor of d and 2035.
185
Let d(z) = -3496*z**3 - z**2 - 500*z - 500. Let h be d(-1). Calculate the highest common divisor of h and 60.
15
Let p be (-85)/2380 - (-8068)/112. Calculate the highest common divisor of 2208 and p.
24
Let a = -88 - -106. Suppose 17*f - a*f + 17 = 0. Calculate the greatest common divisor of 272 and f.
17
Let i be 888 - (4 + -6)*-2. Suppose 260 - i = -6*w. What is the greatest common divisor of w and 39?
13
Let z be (0 + -2)*-1*(-2 - -1). Let n be (340/17)/(z/(-14)). What is the highest common divisor of n and 20?
20
Let l be 58/12 - 5/(-30). Let j = -34 + l. Let g = 53 + j. Calculate the greatest common factor of g and 96.
24
Let c = -14841 - -17325. Calculate the greatest common factor of c and 756.
108
Suppose 5*m + 4*n - 2320 = 3029, 0 = -4*m + 5*n + 4312. Let d be ((-1)/(-2))/(1/74). Calculate the highest common factor of d and m.
37
Let n(i) = 25*i**2 - 10*i + 10. Let x be n(1). Let d(g) = 3*g**2 - 11*g - 117. Let u be d(-14). What is the greatest common divisor of u and x?
25
Let m = 941 - 638. Let g = -243 + m. Calculate the greatest common divisor of 540 and g.
60
Suppose 5*y = 4*f - 13573, -2*f + 2350 = -4*y - 4450. What is the greatest common factor of f and 1424?
178
Suppose 2*v = -2*u - 592, -8*u + 3*u + 1450 = -5*v. Let k = -212 - v. What is the highest common factor of 648 and k?
81
Suppose -10*r - 6 = -12*r. Suppose -r*t - 78 = -9*t. Suppose 24*x = 21*x + 351. What is the highest common factor of x and t?
13
Let n = 501 + -373. Let m = 378 - n. What is the greatest common divisor of 20 and m?
10
Let h = 15 + 15. Suppose -2*x + 312 = -2*i - 76, -4*x = -3*i - 772. Let y = -170 + x. What is the greatest common factor of h and y?
10
Let z(q) = -3*q**2 + 66*q + 5. Let o be z(22). Suppose 0 = -0*u + 3*u, -2*c + 6 = 4*u. What is the highest common divisor of o and c?
1
Suppose -8*o - 31*o + 37689 = -32472. Calculate the greatest common factor of 14 and o.
7
Suppose -493*s - 126480 = -533*s. Calculate the greatest common factor of 34 and s.
34
Suppose 5*t - 210 = -20. Let g be 12 + -4 - -1385 - (-2 + -1). Suppose x - 354 = 4*f, -3*x - 361 + g = -3*f. What is the greatest common factor of t and x?
38
Suppose 1085 = 5*j + 315. Let y be (j/10 - 0)/((-2)/(-10)). What is the highest common factor of y and 11?
11
Suppose 15*t = -15102 + 22902. Calculate the highest common factor of t and 728.
104
Let s = 2259 - 963. Calculate the highest common factor of s and 1539.
81
Let y(o) = o**2 + 4*o + 3. Let p be y(0). Let k = 220 + -544. Let l be ((-6)/12)/(p/k). What is the highest common divisor of l and 135?
27
Suppose 4*a = -5*s + 175, -3*s = -a - 59 - 63. Let n(h) = h**2 + 9*h - 1. Let m be n(-10). What is the highest common divisor of m and s?
3
Suppose -4*u = -5*b + 28, -5*b = 2*u + 19 - 35. Suppose 4*s = 2*s. Suppose s*h = b*h - 924. What is the highest common factor of h and 21?
21
Let h(d) = 6*d + 4. Let i be h(7). Let o = -44 + i. Suppose -u = o*u - 6. What is the greatest common factor of u and 3?
1
Suppose 0 = 4*w + 5*b - 223, 2*w + 2*b + 2*b - 116 = 0. Suppose 6*m + 5 + 1 = 0. Let h be m/((-4)/104 + 0). What is the greatest common factor of w and h?
26
Suppose 8*u + 6*u = 24*u - 150. What is the greatest common divisor of u and 4605?
15
Suppose 2*m + b - 7626 = 0, -16*m + 11*m - 3*b = -19065. What is the greatest common factor of m and 93?
93
Suppose 15*z + 106 = 376. Suppose z = 18*n - 54. Calculate the highest common divisor of 7 and n.
1
Suppose -44*v - 85345 = -145*v. What is the highest common divisor of v and 30?
5
Suppose 16393 = 5*h - j, 4*j - 16428 = -90*h + 85*h. Calculate the highest common factor of 50 and h.
10
Let a be (9 - (-854)/(-28))/((-2)/48). What is the highest common divisor of a and 156?
12
Suppose -r = -3 - 1, -r - 508 = -2*w. Suppose -d + 3*m + w = 4*d, 3*m - 115 = -2*d. Let j = d + 10. Calculate the highest common divisor of j and 9.
9
Let v = 9 + 3. Suppose -2651 = -5*j - 1991. What is the greatest common divisor of v and j?
12
Suppose 0 = 10*v - 14 - 16. Suppose 0 = -6*b + 5*b + v. Calculate the greatest common divisor of 6 and b.
3
Suppose -99*h + 65872 = 80*h. What is the highest common factor of h and 1656?
184
Let p = 1284 + -1259. Calculate the greatest common factor of p and 445.
5
Let d be 111 + (-9)/18 + 3/6. Let b be (-3)/(-2)*(-16)/(-6) + 33. Calculate the greatest common divisor of b and d.
37
Let g be (24/5)/((-3)/(-15)). Suppose -492*w + 2750 + 4446 = 22*w. Calculate the highest common factor of w and g.
2
Let t be (-9)/8*20/(-6)*4. Suppose -5*m + 14*c - t*c + 106 = 0, -5*m - 4*c + 109 = 0. What is the highest common divisor of m and 189?
21
Suppose -5*w + 460 = -j - 4*j, 0 = 3*w + 3*j - 306. Let r = w + -90. What is the highest common factor of 133 and r?
7
Suppose 13*n = 11*n + 220. Sup